 i - 1. Let o(j) = -6*q(j) + t(j). What is o(5)?
-1
Suppose 0*c + 6*c - 90 = 0. Let t = c - 17. Let a(x) = -x**3 - 3*x - 3. Calculate a(t).
11
Suppose 0*w + 4*w + 16 = 2*p, 0 = -5*w + p - 20. Let i = -6 + 7. Let u(j) = 3*j**2 - 4*j**2 - i - 4*j - j. Determine u(w).
3
Let u be 1/(-4) - (-63)/12. Let w(g) = -g**3 - u + 4 + g**2 + 3. Let f be (1 - (3 + -6))*2/4. Calculate w(f).
-2
Let f(a) = 3*a**3 - 7*a**2 + 5*a. Let n(c) = c**3 - c**2. Let k(i) = -f(i) + 4*n(i). Let g(w) = w - 1. Let x = 4 - 7. Let t be g(x). Calculate k(t).
4
Let q = 44 - 39. Let f(i) = i**3 - 6*i**2 + 4*i + 7. What is f(q)?
2
Let u(v) = -v**3 + 7*v**2 - 7*v + 3. Let l(h) = -1. Let n(x) = 5*l(x) + u(x). What is n(6)?
-8
Let f = -29 + 24. Let g(w) be the first derivative of 2 + w**2 + w + 4*w - 1. Calculate g(f).
-5
Let a(t) = t - 2. Let o(w) = -w**3 + 12*w**2 - 10*w - 5. Let v(m) = -m**3 + 8*m**2 + 11. Let n be v(8). Let k be o(n). Suppose 2*b - k = -b. Calculate a(b).
0
Let n(g) = g - 1. Let i(h) = 12*h - 3. Let t(s) = i(s) - 4*n(s). Give t(2).
17
Let m(p) be the first derivative of p**4/4 + p**3/3 - 2*p**2 - 3*p - 8. Give m(-2).
1
Let v(m) = -2*m + 6 - 4*m + 4*m + 6. Let s be v(7). Let u(j) = -13*j**2 + 9*j + 11. Let x(q) = 7*q**2 - 5*q - 6. Let l(a) = -6*u(a) - 11*x(a). Give l(s).
2
Let g(x) = x**2 - x + 1. Let k(u) = -7*u**2 + 5*u - 8. Let c(h) = -6*g(h) - k(h). Let v be 5*2 - 1*2. Suppose 2*f - v = 3*z, -3*f = -4*z + 2*z - 12. Give c(z).
2
Let w(n) = -n**3 + n + 13. Let c = 66 - 66. What is w(c)?
13
Let y(n) = -n + 5. Let u be (1 - 3)/((-2)/4). Determine y(u).
1
Let t(j) = 1 - 7 - j + 45*j**2 + 3 - 40*j**2 - j**3. Suppose -4*h + 18 = -2*f, h + f - 19 = -4*h. Calculate t(h).
9
Let c = -50 - -51. Let a(h) = 4*h**3 - 1. Determine a(c).
3
Let r(t) be the third derivative of t**6/120 - t**5/30 + t**4/12 + t**3/3 - t**2. Give r(-2).
-18
Let c(d) = d**3 + d**2 + d + 9. Suppose 5 = -4*j + 1, -5*h = 4*j + 4. Determine c(h).
9
Let g(u) = 21*u - 16. Let b(l) = -7*l + 5. Let f(w) = -7*b(w) - 2*g(w). What is f(2)?
11
Let w(a) be the third derivative of -a**6/120 - a**5/12 - a**4/6 - a**3/3 - 3*a**2. Give w(-3).
-8
Let o(j) = j + 6. Suppose 0*i - 5*i = 30. Give o(i).
0
Let n(y) = 3*y**2 - 2 + 2*y - y**3 - 2*y**2 + 1. Give n(1).
1
Let t = 1 + -7. Let h(q) = -5*q - 17 + 36 - 20 - 8 - q**2. Determine h(t).
-15
Let i be (-13 - 3) + 4 + 0 + -4. Let n(g) = -g - 16. Calculate n(i).
0
Let f = 28 - 21. Let u(n) = -n**3 + 7*n**2 - n. Calculate u(f).
-7
Let n(f) = -3*f - 2*f + 3*f. Give n(-1).
2
Let y(t) be the second derivative of -1/12*t**4 + 0 - 1/20*t**5 - 2*t**2 + 0*t**3 + 6*t. Let w be 1 + 0 + -1*1. Determine y(w).
-4
Let m(f) = -f**2 - f + 1. Let t be m(1). Let o(h) = -2*h. Give o(t).
2
Let r be -6 - (18/45 + 4/(-10)). Let l(m) = -m**2 - 3*m + 3. Determine l(r).
-15
Let g(p) = 1 + 2 - 6 + 2*p + 4. Suppose -2*h - 5 = -o, 3*o + 12 = -2*h - h. Let z = -1 + o. What is g(z)?
-3
Let k(u) = u + 8. Let c be k(-5). Suppose -c*x = -4*x + 6. Let a(n) = -2*n + 5. What is a(x)?
-7
Let d(o) = 6*o**3 - 12*o + 9. Let r(t) = 5*t**3 - t**2 - 11*t + 8. Let q(h) = 4*d(h) - 5*r(h). Determine q(6).
2
Let c(m) = 4 + 4*m**2 - 8*m + 3*m - m + m**2. Let a(k) = 6*k**2 - 6*k + 5. Let n(d) = -6*a(d) + 7*c(d). Calculate n(-3).
7
Suppose 2*u - 3*u = 5*s - 29, -2*u = -5*s + 17. Suppose -1 = 5*k + d - s, 0 = -5*d + 20. Let c(x) = 0 - 7*x + k*x - 2 + 1. Give c(1).
-8
Let g(l) = 3*l. Let o be g(0). Let n(u) = -u - 1. Calculate n(o).
-1
Let m(p) be the first derivative of 0*p - 1/2*p**2 - 1. Determine m(4).
-4
Suppose 0*q - 4*q = -4*s - 64, 5*s = 4*q - 68. Let l be (0 - 3)*q/(-9). Let b(x) = -6*x + l*x - x - x. Give b(-1).
4
Let o(m) = -m**2 + m**2 - m**2 + 2 - 4*m. Let x = 13 - 16. What is o(x)?
5
Let w = 11761/30 - 392. Let q(u) be the third derivative of 0 + 2*u**2 + 0*u + 1/6*u**3 + w*u**5 - 1/12*u**4 - 1/120*u**6. Calculate q(2).
-3
Let k(v) be the first derivative of -v**2 + 3*v + 22. Suppose -3*m = -5*u - 3, -5*u - 4*m - 31 = -0*u. Determine k(u).
9
Suppose -4*w - 2*n = -38, -4*w + 2*n + 3*n = -31. Let s(y) = -w + 9 - 9*y. What is s(-1)?
9
Let p(i) = 7*i**3 + 7*i**2 - i + 4. Let g(o) = -6*o**3 - 7*o**2 + o - 3. Let f(v) = -6*g(v) - 5*p(v). Give f(-7).
5
Let y(o) = o**3 + 6*o**2 - 3*o - 8. Let x(t) = 1 - 4*t**2 + 0*t**3 - t**3 - t**2 - 7. Let m be x(-5). Determine y(m).
10
Suppose 6*p + 50 = 2. Let k(l) = -l**3 - 8*l**2 - 2*l - 10. Give k(p).
6
Let k(i) = -3*i**3 - 14*i**2 - i + 14. Let n(q) = -q**3 - q**2. Let a(j) = k(j) - 4*n(j). Calculate a(10).
4
Let a(j) = -j + 1. Let q = 19 - 13. Give a(q).
-5
Suppose 0*q - 4*q = -12. Let b be (0/(-2))/(-1 + q). Let w(o) = b + 3*o - 4*o**2 + 5*o**2 + 2. Calculate w(-2).
0
Let z(l) be the second derivative of l**4/12 + 5*l**3/3 + 7*l**2/2 - 19*l. Calculate z(-6).
-17
Suppose 0 = 4*h + h - 10. Let d(n) = 8*n**2 + n - 4*n + h*n. What is d(1)?
7
Let w(p) be the first derivative of p**5/20 - 5*p**4/12 + 2*p**3/3 + 3*p**2/2 + 2*p + 3. Let g(v) be the first derivative of w(v). Calculate g(4).
3
Let t(n) = -7*n + 1. Let u(w) = -w**3 - 3*w**2 + 5*w + 6. Let y be u(-4). Suppose 6 = y*o + 4. Determine t(o).
-6
Let i(r) = r**3 + 5*r**2 - 6*r + 4. Let v be 0/(-2) - (60/(-5))/(-2). Give i(v).
4
Let q(b) = -b**2 - 4*b - 8. Let g = -37 + 31. Determine q(g).
-20
Let v(t) = t**3 + t**2 - t + 2. Let m be v(-2). Suppose 2*k = 5*f - 10, m*k - f + 2 = -5*k. Let i(g) = -g**2 - 2. What is i(k)?
-2
Suppose 6 = 3*p + 9. Let s(m) be the second derivative of m**5/5 + m**3/6 + m**2/2 + m. Determine s(p).
-4
Let o be ((-6)/10 + 1)*-110. Let z be o/(-8) + (-1)/2. Let f be 5*(-1)/z*2. Let h(t) = -t**2 - 1. Calculate h(f).
-5
Suppose -4*i - i = -5. Suppose -o - 4 = i. Let s(v) = -v**2 - 4*v + 6. Calculate s(o).
1
Let l(g) be the third derivative of 3*g**2 + 0 + 13/60*g**5 + 0*g + 0*g**3 + 1/24*g**4. Determine l(1).
14
Let i(a) = a**3 + 4. Let q(n) = n**2 + 4*n + 4. Let y be q(-2). Determine i(y).
4
Let u(q) = 3*q - 6. Let f(a) = -a + 1. Let m(b) = -5*f(b) - u(b). Suppose -2*y - 3*y + 85 = 0. Suppose 4*w - g + y = 0, 4*w - g = -2*g - 15. Determine m(w).
-7
Let j(v) = -v**3 - 8*v**2 - 6*v + 2. Let q(y) = y**2 - 7*y + 3. Let t be q(5). Calculate j(t).
-5
Let j(t) = t**2 + 7*t - 2*t**2 + t - 7*t. Give j(1).
0
Let p(f) = -f**2 - 4*f + 7. Let l be (3/(-2))/((-3)/(-14)). Determine p(l).
-14
Let u = 11 + -18. Let j(y) = -4*y**2 + 3*y + 20. Let s(t) = -t**2 - t + 2. Let f(g) = -j(g) + 5*s(g). Determine f(u).
-3
Let z = -30 + 34. Let x(m) = m**3 - 5*m**2 + 6*m - 5. Give x(z).
3
Let w(a) = a**3 + 5*a**2 - 8*a. Suppose -19 + 31 = -2*s. Give w(s).
12
Let f(v) = v**3 + 6*v**2 - v - 2. Let i be f(-6). Let g(z) = 3*z - i*z - 3*z + 0 + 2. Calculate g(3).
-10
Let o be 25/5 - (3 + -1). Suppose 3 = -o*u - 3. Let n(c) = -c**3 - c**2 - 4*c - 3. Calculate n(u).
9
Let j = -7 - -3. Let f(b) be the first derivative of -2*b**2 - b - 3. Determine f(j).
15
Let o(n) = n - 6. Suppose 0 = -24*y + 21*y + 27. Let k be 0/(y/(0 + 3)). What is o(k)?
-6
Let s(h) = h**2 - 7*h + 3. Let j(a) = -a. Let b(l) = -3*j(l) + s(l). Calculate b(5).
8
Let n(c) = -c**3 + 6*c**2 - 7*c + 5. Let d be (-4)/(-2) - -2 - 1. Suppose -d*b + 9 = -6. Calculate n(b).
-5
Let u(y) = -y. Let l(j) = -j - 1. Let h(d) = 3*l(d) - 6*u(d). Let x = -2 + -3. Let b(t) = -2*t - 7. Let a be b(x). Calculate h(a).
6
Let x(y) be the third derivative of y**5/60 + y**4/24 - y**3/6 - 26*y**2. Determine x(2).
5
Let n(a) = -2*a + 1. Let r be n(-2). Let i(k) be the first derivative of -k**2/2 + 3*k + 1. Determine i(r).
-2
Let n(k) = -k + 5. Let m be n(0). Let v(y) = -3*y**3 - 5*y**2 - 2*y + 35. Let i(d) = -d**3 - 2*d**2 - d + 12. Let t(a) = -17*i(a) + 6*v(a). What is t(m)?
6
Let z(k) = k**3 + 2*k**2 - 2*k - 1. Let h = -3 - -3. Suppose 2*n + 3 = -5*p + 4, -2*n - p + 13 = h. Suppose -f - n = 3*f. What is z(f)?
3
Let i be (2/5)/(1/(-10)). Let m(y) = -6*y + 3. Let r(s) = -5*s + 3. Let k(v) = 3*m(v) - 4*r(v). Give k(i).
-11
Let x(d) = d**2 - 4*d - 7. Let f be (6/4)/(2/4). Let z(b) = b + b - 1 - f*b. Let g be z(-6). Calculate x(g).
-2
Let n = -4 - 2. Let o(p) = p**2 - 2*p**2 + 7*p**2 + p**3. Calculate o(n).
0
Suppose 3 = -2*o + 3*o. Let v(j) = -j**o + 1 + 2*j + 2*j**2 + 7*j**3 - j**2. Calculate v(-1).
-6
Let j(c) be the first derivative of c**4/4 - 2*c**3/3 + c**2 - 3*c + 3. Let w(v) = v**2 + v - 